ppose u + c = 0, 0*u - 4*c = 2*u + 4. Suppose u*o - 3*n - 33 = 0, 5*o - 30 = -3*n + 21. Calculate the remainder when o is divided by 23/5 + (-2)/(-5).
2
Calculate the remainder when 53 - 1 - (22 - 7)/(-3) is divided by 8.
1
Let h = 2995 - 2970. What is the remainder when h is divided by 13?
12
Suppose -5*r - 4*a + 555 + 32 = 0, -2*r - a + 236 = 0. What is the remainder when r is divided by 62?
57
Suppose 27*d - 13*d = 2016. Calculate the remainder when d is divided by 75.
69
Suppose -3*d - 4*l + 192 = 0, -4*d = d + 3*l - 331. Suppose s + 5 + 36 = c, 4*c = -3*s - 130. Let j = 56 + s. What is the remainder when d is divided by j?
12
Let u(f) = -f**3 + 6*f**2 + 9*f + 3. Let a be 2/(-8) - (17/(-4) - 3). Calculate the remainder when 67 is divided by u(a).
16
Let c = -1 + 3. Suppose -3*l = -13 - c. Suppose -l*g + 2 = -3. What is the remainder when g is divided by 1?
0
Suppose 4*i + 2*w - 342 = 0, 360 = 4*i - 69*w + 65*w. Calculate the remainder when i is divided by 9.
6
Let g = 8 + -5. Suppose -3*a + 0 = -g, 0 = -5*j + 4*a + 591. Suppose 3*r - j = -38. What is the remainder when r is divided by 14?
13
Let u = 10 - -1. What is the remainder when u is divided by (3/2 - 3)*-2?
2
Suppose 2*o = -2*j - 0*o + 20, -53 = -5*j - 4*o. Suppose 0 = -u + 5*l - 1, -5*u + l = -4*l - 95. Calculate the remainder when u is divided by j.
11
Let s be 9/(-3) - (-27)/1. Let c be s*10*(-2)/(-12). Suppose 3*d - o - c = 0, o - 85 = -5*d - o. What is the remainder when 42 is divided by d?
12
Suppose 4*b + 0*b - 1196 = 0. What is the remainder when b is divided by 5*(-7 - 17/(-1))?
49
Suppose 2*p - 119 = -u, 3*u = -u + 3*p + 443. Let n(i) = -i**2 - 9*i + 3. What is the remainder when u is divided by n(-4)?
21
Suppose 0 = 5*d - 5*g - 20, g = -6*d + d + 44. What is the remainder when 70 is divided by d?
6
Let d be 3176/44 - 2/11. Calculate the remainder when (128/96)/(74/d + -1) is divided by 17.
14
Let y be 735/(-42)*(-36)/10. Calculate the remainder when y*1 - 20/(-20) is divided by 11.
9
Suppose 13*w = 9*w - 56. What is the remainder when (-8)/28 - 774/w is divided by 28?
27
Suppose -13 = -4*v - 329. Let c = 95 + v. What is the remainder when 27 is divided by c?
11
Suppose 0*h + 37 = h + 5*a, -h - 3 = -5*a. Let w(o) = -o**3 - o**2 - 4*o + 1. What is the remainder when w(-4) is divided by h?
14
Suppose 23 + 585 = 8*d. What is the remainder when d is divided by 42?
34
Let o = -477 - -532. What is the remainder when o is divided by 13?
3
What is the remainder when 88 is divided by (21/(-14))/((-5)/((-230)/(-3)))?
19
Suppose -z = 4 + 1. Let g(l) = -l**2 - 14*l - 25. What is the remainder when g(z) is divided by 12?
8
Suppose -3*w = 5*p - 214, 2*p - 196 - 186 = -5*w. What is the remainder when w is divided by 10?
8
Suppose -140 + 30 = -11*h. Let f(v) = -v + 29. Calculate the remainder when -1 + ((-70)/(-2) - -1) is divided by f(h).
16
Suppose -448 = 2374*n - 2381*n. Calculate the remainder when 956 is divided by n.
60
Let b(d) = 88*d + 273. What is the remainder when b(2) is divided by 50?
49
Suppose -5*j = 2*g - 52, 2*g = -517*j + 522*j + 12. Calculate the remainder when ((-6)/(-5))/(1/25) is divided by g.
14
Let r be -3 - (-2 + 3 + -9). Suppose -195 = -r*c + 4*c. Suppose -g + c = 4*g. Calculate the remainder when g is divided by 14.
11
Suppose b = 5*b - 52. Let o(h) = 10*h**2 - h - 11. Let j be o(4). Calculate the remainder when 0 - (-1)/((-3)/(-2 - j)) is divided by b.
10
Suppose -5*u + 7 = -3*n + 14, -n + 3*u + 1 = 0. Suppose -4*a - 5*t + 177 = -310, -a + 119 = n*t. What is the remainder when a is divided by 31?
30
Let s = -35 + 45. What is the remainder when (25/3 + 1)/((-14)/(-21)) is divided by s?
4
Let r(t) = -15*t**2 - 7*t + 13. Let p(n) = 7*n**2 + 4*n - 6. Let s(b) = 13*p(b) + 6*r(b). Calculate the remainder when s(-16) is divided by 49.
47
Let h = 231 + -197. Calculate the remainder when 171 is divided by h.
1
Let h = -7 - -31. Suppose 2*a + 1207 = 19*a. Calculate the remainder when a is divided by h.
23
Let k(b) = 23*b - 224. What is the remainder when 50 is divided by k(11)?
21
Let l be (0 - (-7)/(-21))*87/1. Let j = -28 + 43. Calculate the remainder when -8 + 2 - (l + -3) is divided by j.
11
Suppose 7*v - 95 = 38. Let u(r) = r**3 - 8*r**2 + 9*r - 9. What is the remainder when v is divided by u(7)?
4
Let u(g) = -2*g**3 - 6*g**2 + 7*g + 2. What is the remainder when 47 is divided by u(-4)?
5
Calculate the remainder when 27 is divided by 0 + (8 - 5) + 0.
0
Suppose 20 + 52 = 6*t. What is the remainder when 32 is divided by t?
8
Suppose -1779 - 840 = -97*n. Let x(b) = 14 + b - 2*b + 2*b. Calculate the remainder when n is divided by x(0).
13
What is the remainder when 103 is divided by (9/(-6)*1)/((-24)/416)?
25
Suppose -7*w + 92 = -3*w. Suppose -7 = -3*d - p - w, 5*d - 4*p = -4. Let u(r) = -r**3 - 2*r**2 + r + 3. Calculate the remainder when 90 is divided by u(d).
28
Suppose 201*y + 801 = 210*y. What is the remainder when y is divided by 42?
5
Let a = 275 - 204. Calculate the remainder when a is divided by 12.
11
Let r(b) = 3*b**2 - 10*b + 5. Calculate the remainder when r(-7) is divided by 75.
72
Let o be (225/10)/9*-12. Let s = 49 + o. What is the remainder when 70 is divided by s?
13
Let h be (8 - 1) + 2/1. Let x = -13 + h. Calculate the remainder when (x/6)/((-4)/78) is divided by 8.
5
Suppose 3*c + 51 - 247 = -t, -2*c = -4*t - 140. Let a = c + -11. Calculate the remainder when a is divided by 8.
7
Let k = -1419 - -1014. Calculate the remainder when k/(-20) + (-2)/8 is divided by 6.
2
Let u(i) = i**3 - 15*i**2 + 26*i + 3. Let g be u(13). Suppose k - 20 = -3*k, g*y = -5*k + 55. What is the remainder when 147 is divided by y?
7
Suppose -5*y = -3*z - 283, -y + 6*y - 2*z - 282 = 0. Calculate the remainder when y is divided by 18.
2
Let l(k) = k**3 + 11*k**2 - 33. Suppose 0 = -5*a + 65 + 20. Calculate the remainder when l(-10) is divided by a.
16
Suppose 4233 - 621 = 21*y. Calculate the remainder when y is divided by 101.
71
Calculate the remainder when 11 is divided by ((-16)/(-4))/((-6)/(-15)).
1
Let z = -4 - 0. Suppose 5*d - 30 = 4*y, -7*y + 30 = 5*d - 9*y. Calculate the remainder when (-9)/(-2)*(z - -6) is divided by d.
3
Let m = -267 + 335. Calculate the remainder when m is divided by 18.
14
Suppose 33*p = 37*p - 4, p + 12 = r. What is the remainder when 88 is divided by r?
10
Suppose -2*z - z = 0. Suppose z = 4*b - 12, 5*b - 39 = 2*u - 98. Calculate the remainder when u is divided by 10.
7
Suppose 4*k = -0*k + 224. What is the remainder when 221 is divided by k?
53
Suppose 9*c = -18*c + 5967. What is the remainder when c is divided by 28?
25
Let m = 616 + -542. What is the remainder when m is divided by 416/24*6/4?
22
Suppose 0 = 4*a + 2*u - 78, -2*a = -3*u - 29 - 22. Calculate the remainder when 479 is divided by a.
17
Suppose 40*d - 28*d = 288. Calculate the remainder when 69 is divided by d.
21
Suppose -z + 4*y + 38 = 0, 17 + 3 = -4*y. Suppose -30 = -3*q - 2*q. Calculate the remainder when z is divided by q.
0
What is the remainder when (6/2)/((-15071)/7546 - -2) is divided by 72?
70
Let p(a) = 16*a - 47. Calculate the remainder when 49 is divided by p(4).
15
Let x = 2035 + -1993. Let m(u) = 42*u - 2. Calculate the remainder when m(2) is divided by x.
40
Suppose -81 = -5*c + 164. Suppose -2*o + c = v - 67, -o + 68 = -2*v. Suppose -7*m = -m - o. What is the remainder when m is divided by 6?
4
Suppose -2*a = 5*f - 18, 6*f + 14 = 3*f + 5*a. What is the remainder when 3 is divided by f?
1
Let s be (-2 - -2)*((-4)/(-8) - 1). Suppose s = -5*d + 5*y - 5, 5*y = 3*d + d + 9. Calculate the remainder when 8 is divided by d.
0
Let y(f) = -3*f**2 + 4*f + 11. Let h(n) = 4*n**2 - 5*n - 12. Let r(w) = 2*h(w) + 3*y(w). What is the remainder when 1 is divided by r(-2)?
0
Suppose 3*s = 3, -10*s + 13*s - 105 = -3*u. Calculate the remainder when u is divided by 13.
8
Calculate the remainder when 4/(-3)*171837/(-732) is divided by 55.
38
Let k = -8 + 4. What is the remainder when k/((-20)/(-15)) + 75 is divided by 15?
12
What is the remainder when 2/(24/(-9))*6096/(-18) is divided by 37?
32
Suppose -177 = -6*k + 3*k. Let p = -40 + k. Calculate the remainder when (5/((-100)/(-48)))/(2/30) is divided by p.
17
Let d(r) = r**2 - 9. Let w be d(0). Let j be (w/3 + 4)*3. Let z(m) = 7*m -